{"id":6410,"date":"2020-03-12T08:35:54","date_gmt":"2020-03-12T08:35:54","guid":{"rendered":"http:\/\/192.168.103.195\/?page_id=6410"},"modified":"2020-05-29T08:19:40","modified_gmt":"2020-05-29T08:19:40","slug":"portege-a30-e","status":"publish","type":"page","link":"https:\/\/www.tricom.com.ph\/index.php\/portege-a30-e\/","title":{"rendered":"Port\u00e9g\u00e9 A30-E"},"content":{"rendered":"<div class=\"wpb-content-wrapper\"><p>[vc_row content_aligment=&#8221;center&#8221;][vc_column][vc_gallery interval=&#8221;0&#8243; images=&#8221;6217&#8243; img_size=&#8221;full&#8221; onclick=&#8221;&#8221;][\/vc_column][\/vc_row][vc_row content_aligment=&#8221;center&#8221;][vc_column width=&#8221;1\/6&#8243;][\/vc_column][vc_column width=&#8221;2\/3&#8243;]<div class=\"qodef-separator-holder clearfix  qodef-separator-center qodef-separator-full-width\">\n\t<div class=\"qodef-separator\" style=\"border-color: #1e73be;border-width: 3px\"><\/div>\n<\/div>\n[vc_column_text]<\/p>\n<h1 class=\"font-light\" style=\"text-align: center;\">Port\u00e9g\u00e9 A30-E<\/h1>\n<p>[\/vc_column_text]<div class=\"qodef-separator-holder clearfix  qodef-separator-center qodef-separator-full-width\">\n\t<div class=\"qodef-separator\" style=\"border-color: #1e73be;border-width: 3px\"><\/div>\n<\/div>\n[vc_single_image image=&#8221;6289&#8243; img_size=&#8221;full&#8221; alignment=&#8221;center&#8221;][vc_column_text css=&#8221;.vc_custom_1584001398448{background-color: #e8e8e8 !important;}&#8221;]<\/p>\n<div class=\"row\">\n<div class=\"col-md-12\">\n<div class=\"table-ly\">\n<div class=\"display\">\n<div class=\"col-lg-12 col-md-12 col-sm-12 col-xs-12 text-center\">\n<h3 style=\"text-align: center;\"><span style=\"color: #ff0000;\">Reliable and Durable Performance<\/span><\/h3>\n<p class=\"text-center\" style=\"text-align: center;\">At 19.9mm thin and weighing just 1.2kg, the Port\u00e9g\u00e9 A30-E Series features built-in connectivity, high performance SSD and all-day battery life \u2013 everything you need to stay productive. With the right balance between exterior durability and interior performance, it is no wonder that the Port\u00e9g\u00e9 A30-E Series is a business professional\u2019s best companion.<\/p>\n<\/div>\n<\/div>\n<\/div>\n<\/div>\n<\/div>\n<div class=\"row\">\n<div class=\"col-md-12\">\n<div class=\"table-ly\">\n<div class=\"display\">\n<div class=\"col-lg-12 col-md-12 col-sm-12 col-xs-12 text-center\">\n<div class=\"mar-top-50\" style=\"text-align: center;\"><\/div>\n<\/div>\n<\/div>\n<\/div>\n<\/div>\n<\/div>\n<p>[\/vc_column_text][vc_empty_space][vc_single_image image=&#8221;6411&#8243; img_size=&#8221;full&#8221; alignment=&#8221;center&#8221;][vc_column_text css=&#8221;.vc_custom_1584001584325{background-color: #e8e8e8 !important;}&#8221;]<\/p>\n<h3 style=\"text-align: center;\"><span style=\"color: #ff0000;\">Compromise-Free Performance<\/span><\/h3>\n<p class=\"text-center\" style=\"text-align: center;\">Equipped with an 8th Generation Intel Quad Core processors and Windows 10 Pro, the Port\u00e9g\u00e9 A30-E Series easily thrives in any corporate environment. Also, enjoy uninterrupted powerful performance with an outstanding 14-hour battery life with a Quick Charge feature that charge up to 4 hours of battery life from just a 30-minute charge. Together with a surprisingly slim and lightweight design, choose between an anti-glare HD or Full HD display with optional In-Cell Touch technology that best suits your working style on the move or in the office.<\/p>\n<p>[\/vc_column_text][vc_empty_space][vc_single_image image=&#8221;6412&#8243; img_size=&#8221;full&#8221; alignment=&#8221;center&#8221;][vc_column_text css=&#8221;.vc_custom_1584001804173{background-color: #e8e8e8 !important;}&#8221;]<\/p>\n<div class=\"row\">\n<div class=\"col-md-12\">\n<div class=\"table-ly\">\n<div class=\"display\">\n<div class=\"col-lg-12 col-md-12 col-sm-12 col-xs-12 text-center\">\n<h3 style=\"text-align: center;\"><span style=\"color: #ff0000;\">Designed to Last<\/span><\/h3>\n<p class=\"text-center\" style=\"text-align: center;\">Manufactured and shipped from Dynabook\u2019s Innovation Centre where it is tested to H.A.L.T specifications by T\u00dcV Rheinland and MIL-STD-810G standards for drop, spill and pressure, the Port\u00e9g\u00e9 A30-E Series is built to withstand the rigour of everyday business use, giving you a greater peace of mind to focus on other business tasks that matter.<\/p>\n<\/div>\n<\/div>\n<\/div>\n<\/div>\n<\/div>\n<p>[\/vc_column_text][vc_empty_space][vc_single_image image=&#8221;6414&#8243; img_size=&#8221;full&#8221; alignment=&#8221;center&#8221;][vc_column_text css=&#8221;.vc_custom_1584002106989{background-color: #e8e8e8 !important;}&#8221;]<\/p>\n<h3 style=\"text-align: center;\"><span style=\"color: #ff0000;\">Intelligent Security You Can Manage<\/span><\/h3>\n<p class=\"text-center\" style=\"text-align: center;\">With Dynabook\u2019s comprehensive security features, staying secure has never been easier. From our in-house developed built-in BIOS and TPM 2.0 encryption, to face authentication, you can protect your business-critical data without any fuss. For a greater peace of mind, try adding our optional security features such as the Smartcard Reader, as well as the SecurePad\u2122 with fingerprint reader.<\/p>\n<p>[\/vc_column_text][vc_empty_space][vc_single_image image=&#8221;6415&#8243; img_size=&#8221;full&#8221; alignment=&#8221;center&#8221;][vc_column_text css=&#8221;.vc_custom_1584002149029{background-color: #e8e8e8 !important;}&#8221;]<\/p>\n<h3 style=\"text-align: center;\"><span style=\"color: #ff0000;\">Productivity Unleashed<\/span><\/h3>\n<p class=\"text-center\" style=\"text-align: center;\">Empower your daily business tasks with comprehensive connectivity through an integrated Gigabit LAN that allows fast access to your local network, two full-sized USB 3.0, HDMI, USB Type-C, as well as an optional USB-C travel dock for VGA access and connection to peripherals. Coupled with our ClickPad with a glass finish, and an optional backlit keyboard, the Port\u00e9g\u00e9 A30-E Series delivers just what you need to get things done.<\/p>\n<p>[\/vc_column_text][vc_empty_space]<a href=\"\/index.php\/dynabook-pc\/\" target=\"_self\" style=\"background-color: #1e73be\" class=\"qodef-btn qodef-btn-medium qodef-btn-solid qodef-btn-hover-animation\" data-hover-bg-color=\"#1e73be\" >\n            <div class=\"qodef-animation-overlay-holder\">\n            <span    class=\"qodef-animation-overlay\"><\/span>\n        <\/div>\n        <span class=\"qodef-btn-text\">Check other Model<\/span>\n    <span class=\"qodef-btn-text-icon\"><\/span>\n<\/a>[vc_empty_space][\/vc_column][vc_column width=&#8221;1\/6&#8243;][\/vc_column][\/vc_row]<\/p>\n<\/div>","protected":false},"excerpt":{"rendered":"<p>[vc_row content_aligment=&#8221;center&#8221;][vc_column][vc_gallery interval=&#8221;0&#8243; images=&#8221;6217&#8243; img_size=&#8221;full&#8221; onclick=&#8221;&#8221;][\/vc_column][\/vc_row][vc_row content_aligment=&#8221;center&#8221;][vc_column width=&#8221;1\/6&#8243;][\/vc_column][vc_column width=&#8221;2\/3&#8243;][vc_column_text] Port\u00e9g\u00e9 A30-E [\/vc_column_text][vc_single_image image=&#8221;6289&#8243; img_size=&#8221;full&#8221; alignment=&#8221;center&#8221;][vc_column_text css=&#8221;.vc_custom_1584001398448{background-color: #e8e8e8 !important;}&#8221;] Reliable and Durable Performance At 19.9mm thin and weighing just 1.2kg, the Port\u00e9g\u00e9 A30-E Series features built-in connectivity, high performance SSD and all-day battery life \u2013 everything&#8230;<\/p>\n","protected":false},"author":1,"featured_media":0,"parent":0,"menu_order":0,"comment_status":"closed","ping_status":"closed","template":"full-width.php","meta":{"_acf_changed":false,"_eb_attr":"","om_disable_all_campaigns":false,"_monsterinsights_skip_tracking":false,"_monsterinsights_sitenote_active":false,"_monsterinsights_sitenote_note":"","_monsterinsights_sitenote_category":0,"footnotes":""},"class_list":["post-6410","page","type-page","status-publish","hentry"],"acf":[],"amp_enabled":false,"_links":{"self":[{"href":"https:\/\/www.tricom.com.ph\/index.php\/wp-json\/wp\/v2\/pages\/6410","targetHints":{"allow":["GET"]}}],"collection":[{"href":"https:\/\/www.tricom.com.ph\/index.php\/wp-json\/wp\/v2\/pages"}],"about":[{"href":"https:\/\/www.tricom.com.ph\/index.php\/wp-json\/wp\/v2\/types\/page"}],"author":[{"embeddable":true,"href":"https:\/\/www.tricom.com.ph\/index.php\/wp-json\/wp\/v2\/users\/1"}],"replies":[{"embeddable":true,"href":"https:\/\/www.tricom.com.ph\/index.php\/wp-json\/wp\/v2\/comments?post=6410"}],"version-history":[{"count":2,"href":"https:\/\/www.tricom.com.ph\/index.php\/wp-json\/wp\/v2\/pages\/6410\/revisions"}],"predecessor-version":[{"id":6483,"href":"https:\/\/www.tricom.com.ph\/index.php\/wp-json\/wp\/v2\/pages\/6410\/revisions\/6483"}],"wp:attachment":[{"href":"https:\/\/www.tricom.com.ph\/index.php\/wp-json\/wp\/v2\/media?parent=6410"}],"curies":[{"name":"wp","href":"https:\/\/api.w.org\/{rel}","templated":true}]}}